+ 2*g**2 + 39 - 18*g. Calculate the remainder when 22 is divided by a(17).
4
Suppose 10 = -3*l + 55. Let w(a) = -a**3 - 12*a**2 - 13*a + 5. Suppose -b - 3*b - 44 = 0. Calculate the remainder when w(b) is divided by l.
12
Suppose 2*c - 1695 = -13*c. Calculate the remainder when c is divided by 23.
21
Let g(n) = 3*n**2 + 14*n + 36. Let v be g(-7). Suppose 0 = -v*t + 81*t + 28. Calculate the remainder when 18 is divided by t.
4
Let n = -33 + 43. Suppose -i = -0 - n. What is the remainder when 39 is divided by i?
9
Let m = -28 - -35. Let f = -2 + 6. Suppose 95 = f*j - 5*p, -2*j + p + 45 = 2. What is the remainder when j is divided by m?
6
Let d = -1898 + 2179. Calculate the remainder when d is divided by 48.
41
What is the remainder when 8 is divided by (2/3 + 80/384)*8?
1
Let i = 388 + -378. Calculate the remainder when 10 is divided by i.
0
Suppose -z + 97 = -3*r, 104 = 2*z + 2*r - 98. Suppose 0 = 3*u + 4*l - z, u - 35 = -2*l + l. Calculate the remainder when 118 is divided by u.
38
What is the remainder when 165 is divided by 5/10*(166 - 0)?
82
Suppose 5*m = 2*c - 3*c + 550, -4*c = 4*m - 424. Calculate the remainder when m is divided by 38.
35
Let l(i) be the third derivative of -2*i**2 + 0 + 1/12*i**4 + 0*i + 17/6*i**3. Calculate the remainder when l(8) is divided by 7.
5
Suppose 8*w - 5536 - 192 = 0. Calculate the remainder when w is divided by 60.
56
Suppose 3*a + 5*b - 75 = 0, -5*a = 9*b - 12*b - 91. Calculate the remainder when a is divided by 10.
0
Suppose 0*n = 16*n - 224. What is the remainder when 39 is divided by n?
11
Calculate the remainder when 147 is divided by 10 + 3/(-9)*6.
3
Suppose m + 29 = 2*l, m + 3*l + 6 - 2 = 0. Let a = m + 40. What is the remainder when a is divided by 4/18 + 156/27?
3
Calculate the remainder when 630 + (7 - (18 - 6)) is divided by 19.
17
Let a(p) = 22*p + 2. Let j be a(-3). Let r be j/24 - (-2)/(-6). What is the remainder when 85 is divided by (-172)/(-6) + (-1)/r?
27
Suppose 3*u - z - 57 = 0, -3*z = 3*u - 2*z - 51. What is the remainder when u is divided by 14 - (8 + (-1 - (7 - 4)))?
8
Suppose -6*i = -2*q + 120, -2*q - 25 = 4*i - 125. What is the remainder when q is divided by 4/6 + 55/3?
16
Suppose -11*s + 172 = -15*s. Suppose -320 = 5*c - 10*c. Calculate the remainder when c is divided by ((-72)/(-16))/9 + s/(-2).
20
Let d(f) = f**2 - 2*f - 10. Let u(c) = 2*c**2 - c - 11. Let s(r) = -3*d(r) + 2*u(r). What is the remainder when 50 is divided by s(-5)?
11
Let m = 99 + -80. Calculate the remainder when m is divided by 8.
3
Let s(n) = n**3 - 8*n**2 + 6*n - 34. What is the remainder when 47 is divided by s(8)?
5
What is the remainder when 170*(-8 + (-132)/(-15)) is divided by 23?
21
Let l(c) = 2*c**2 - 48*c + 85. Calculate the remainder when l(29) is divided by 63.
60
Let y = 135 + -89. Let s = 58 - y. What is the remainder when 45 is divided by s?
9
Suppose 190 = 5*l + 2*j, 10*l + 4*j = 12*l - 52. What is the remainder when 51 is divided by l?
15
Let l(d) = -d + 36. Calculate the remainder when 44 is divided by l(20).
12
Suppose -4*v - v = -10. Suppose -v*a + 0 = -60. Suppose -156 = 11*q - 343. Calculate the remainder when a is divided by q.
13
Let q = -43 + 54. Suppose 4*p = -2*v - 12 + 172, 4*p + 4*v - 152 = 0. Calculate the remainder when p is divided by q.
9
Let a be 0/(0 + -1 - -2). Suppose a = -6*f + 10*f - 612. What is the remainder when f is divided by 39?
36
Let c(a) = -a**2 - 24*a - 100. What is the remainder when 70 is divided by c(-7)?
13
Let c = -23 - -57. Let h = -16 + c. What is the remainder when h is divided by 4?
2
Let b = -10 - -12. Suppose 4*r + b*n = 5*r - 111, -5*r + 566 = n. What is the remainder when r is divided by 39?
35
Let q(w) = w**3 - 24*w**2 - 48*w + 3. Calculate the remainder when q(26) is divided by 33.
8
Let b(d) = d + 7. Let u be b(-4). Suppose -4*p + 5 + u = 0. Suppose p*i + i = 42. Calculate the remainder when 25 is divided by i.
11
Let o = 430 - 416. What is the remainder when 205 is divided by o?
9
Let i(f) = 3*f**2 - 48*f + 226. Calculate the remainder when 2376 is divided by i(11).
58
Let j(n) = -n**3 - 2*n**2 + 11*n + 14. Suppose 0 = -k - 5 + 36. Calculate the remainder when j(-6) is divided by k.
30
Let t = -239 + 252. Calculate the remainder when 49 is divided by t.
10
Suppose 16*t = -14*t + 750. Calculate the remainder when 949 is divided by t.
24
Let u = -29 + 13. Let n = u - -46. What is the remainder when 56 is divided by n?
26
Let j(o) = -382*o**3 + o**2 + 6*o + 6. What is the remainder when j(-1) is divided by 55?
53
Let j(w) = 3 + 2*w - 3*w + 6*w. Suppose 2*o - 15*o = -455. What is the remainder when o is divided by j(3)?
17
Let j = 2272 + -2259. What is the remainder when j is divided by 1?
0
Calculate the remainder when (16/(-6))/(5/(-585)) is divided by 45.
42
Suppose t - 6*t + 3*s - 45 = 0, -3*t - 3 = 3*s. Let r = 17 - t. What is the remainder when 33 is divided by r?
10
Suppose 0*b - n = 3*b - 16, -2*n - 3 = b. Let f(j) = -7*j + 87. What is the remainder when f(9) is divided by b?
3
Let v(y) = -2*y - 2. Calculate the remainder when -1 + 0 + 6/3 - -12 is divided by v(-5).
5
Suppose 2*i - 3 - 7 = 0. Suppose 0 = -3*j - 9, 4*j + j + 135 = -4*p. What is the remainder when -2 + -2 + 1 - p is divided by i?
2
Suppose 3*a - 2*v - 157 = 0, 2*a + 0*v = -5*v + 73. What is the remainder when 154 is divided by a?
7
Let k(z) = 35*z - 127. What is the remainder when k(18) is divided by 13?
9
Suppose 4*d - 2*w + 59 = 203, 0 = -5*w. Suppose 3*o = 15, -h - 65 = -2*o + 20. Let r = -62 - h. What is the remainder when d is divided by r?
10
Let x(n) = n**2 + 12*n + 14. Let u be x(-11). Let d = u - -1. Suppose 0 = 2*l + 2*t - 32, -d*l + 15 + 45 = 3*t. Calculate the remainder when 34 is divided by l.
10
Let b = 1228 - 1036. Calculate the remainder when b is divided by 66.
60
What is the remainder when 58 is divided by 5/(-10) + 27/12*2?
2
What is the remainder when ((5 - -1)*10)/((-14)/(-35)) is divided by 17?
14
Suppose -106*n - 240 = -112*n. What is the remainder when n is divided by 31?
9
Let i(o) be the first derivative of -5*o**2/2 - 7*o + 13. What is the remainder when i(-8) is divided by 12?
9
Let g(b) = 9 + 10*b**2 - 3*b - 8 - 2. Calculate the remainder when g(-2) is divided by 23.
22
Suppose 28 = 2*g + 3*k, 0 = g - 2*k - 0*k. What is the remainder when -23*((-7)/7 - 0) is divided by g?
7
Let u(c) = c**3 - 4*c**2 + c - 3. Let f = 31 - 30. Calculate the remainder when u(4) is divided by f.
0
Suppose 79*d - 77*d - 190 = 0. Calculate the remainder when d is divided by 35.
25
Suppose 8*w + 42 = 14*w. Let d = w - 3. What is the remainder when 16 is divided by d?
0
Suppose 2*n - 10 = 0, 0 = 4*f - 4*n - 211 - 669. Let h = f - 115. Let u(m) = -m**2 + 11*m + 4. What is the remainder when h is divided by u(8)?
26
Let w(c) = 3*c**3 + 9*c**2 + 8. What is the remainder when 1278 is divided by w(-3)?
6
What is the remainder when 658 is divided by (3/(-5))/(25/(-2750))?
64
Suppose 0 = 4*p - v + 3*v - 524, 0 = 10*p - 3*v - 1278. What is the remainder when p is divided by 23?
14
Let h be (-1 + 9)/((-1)/(-1)). Suppose -18*l = -17*l - 5. What is the remainder when (-2 - -1)/(h/(-48)) is divided by l?
1
Let g be 88 + 2/(2 + 0). Let l = g + -34. Calculate the remainder when l is divided by 19/(3*3/9).
17
Let t(x) = -44*x - 46. Let q(f) = 5*f + 5. Let j(b) = 52*q(b) + 6*t(b). Suppose 60 = u + u. Calculate the remainder when u is divided by j(-6).
6
Let y = 2 - -7. Let s be ((-2)/(-2))/((-1)/(-3)). Suppose 0 = 5*q - 5*h - 125, -1 = s*h + 2. What is the remainder when q is divided by y?
6
Suppose -3*p - r + 91 = -30, -3*r = -p + 37. Suppose 2*z = p - 22. What is the remainder when z is divided by 3?
0
Suppose -p = 26*p - 3699. What is the remainder when p is divided by 11?
5
Suppose -59*i + 350 = -57*i. Calculate the remainder when i is divided by 44.
43
What is the remainder when (-1 - -2)*(-152)/((-24)/3) is divided by 3?
1
Suppose -4*d = 4*o - 724, 4*o - 11 = 1. What is the remainder when d is divided by 20?
18
Let u(x) = x**3 - 9*x**2 + 7*x - 68. Calculate the remainder when u(12) is divided by 15.
13
Let z = 5 - 3. Suppose 3*b - 15 = -3*y, 2*y - 21 = -z*y - 3*b. Let j(o) = 11*o + 7. Calculate the remainder when j(y) is divided by 25.
23
What is the remainder when 800 is divided by